 0. Is a a composite number?
True
Let q = 25 + -22. Let o be 1938/4 - 2/4. Suppose q*a = -55 + o. Is a composite?
True
Suppose m - 269628 = -3*y, 206*y = 203*y + 4*m + 269643. Is y prime?
False
Let m(a) = 50*a + 2 + 1 - 9*a. Is m(16) composite?
False
Let x = 11 - 5. Let o(t) = 6*t**3 + 7*t**2 + 4*t - 11. Is o(x) composite?
True
Let y be -1*3/((-12)/(-116)). Let g = 284 + -134. Let q = g + y. Is q a prime number?
False
Let r(o) = o**2 + 8*o - 11. Let d be r(-10). Let i(h) = 7*h**2 - 18*h - 14. Is i(d) prime?
False
Suppose -3*u = 0, 3*j - 3*u = -2*j. Suppose 2*r - 2*k + j - 52 = 0, -5*r = -k - 130. Is r a prime number?
False
Let z(r) = -38*r - 5. Let i(h) = -4*h + 9*h - h**2 + 0*h**2 + 9. Let l be i(7). Is z(l) a composite number?
True
Let j = 684 - 684. Let v(u) = -31 + 0*u**2 + u + 324 - u**2 - u**3. Is v(j) a composite number?
False
Let f(v) = 2*v**2 + 16*v - 4. Let j be f(-7). Let l(m) = -26*m - 21. Is l(j) composite?
True
Let w = 103 - 98. Suppose 0 = -5*y - w*g + 3470, 0*y + 3*g = -y + 704. Is y a composite number?
True
Suppose -14 = 3*d - 23. Suppose -649 - 20 = -d*m. Is m prime?
True
Suppose 5*t + 1631 + 5149 = 0. Let l = t - -2837. Is l prime?
True
Suppose -3*k + 17 + 26 = 2*g, 0 = -k - 4*g + 21. Let z = k + -8. Suppose 4*l - 540 = -4*w, -3*l + 528 = 4*w - z*l. Is w composite?
True
Let y be 7 + -14 + -1 + 0. Let l(j) = -2*j**3 + j**2 - 10*j + 3. Is l(y) composite?
False
Let m(t) = 1248*t - 67. Is m(16) a prime number?
False
Let h = -8 - -5. Let i be 64 + 3/3 - h. Suppose -i = -2*l + 38. Is l composite?
False
Let m = -366 - -16093. Is m a composite number?
False
Let m be (-12)/(-60) + (-6)/5. Let o = 11 + m. Suppose 0 = -0*t - 2*t + o, -3*f - 4*t + 1265 = 0. Is f a prime number?
False
Let u(x) = -38*x - 12. Let s be u(-12). Suppose -16*r + s = -4*r. Is r a composite number?
False
Suppose -1912 - 2129 = -3*p. Suppose -3*j - p = -6*j. Is j a prime number?
True
Is ((-1)/(-3)*4721)/(130/390) composite?
False
Suppose 2*n - 3351 = -4*i + 7137, 0 = -5*i + 4*n + 13084. Suppose -3*l + i = l. Is l prime?
False
Suppose -11*p = -17*p + 4044. Suppose 0 = -2*s + 1140 + p. Is s prime?
True
Let l(k) = 2684*k - 13. Is l(3) a prime number?
True
Let i(m) = m. Let q be i(-1). Let o be (-4 - -3)/(q/(-45)). Let p = -11 - o. Is p a composite number?
True
Let k(t) = 65*t + 4. Suppose -2*q = -0*q - 8. Let w be k(q). Let m = w + -155. Is m composite?
False
Suppose -1653 = -3*j + 3*w + 483, 0 = -2*j + 3*w + 1427. Is j a composite number?
False
Suppose -3*w - 8 = 88. Let u = w - -118. Is u composite?
True
Let n = -1416 + 2312. Suppose n = -6*l + 4274. Is l prime?
True
Let g = 8668 + -1873. Suppose -22*k = -31*k + g. Is k a prime number?
False
Suppose 3*h + 4 = 2*h - 5*o, -2*h = -3*o - 44. Let x(l) = -9 - 3*l - 4*l**2 + h*l + l**3 - 9*l**2. Is x(12) a prime number?
True
Let a be 3/(-4)*-4 + (-906)/(-2). Let r be 3/(-6)*6/(-1). Suppose -r*u + a + 603 = 0. Is u composite?
False
Let j(y) be the second derivative of y**3 + y**2/2 - y. Suppose -3*r - 1 - 11 = -3*f, -22 = -4*f + r. Is j(f) a prime number?
True
Suppose -4*a + 1 = -3*j, -2*a = -4*j + 1 - 9. Let n be -4 - (-4 + j) - 153. Let q = n - -819. Is q prime?
False
Suppose -d + 19 = -l, -2*l = d - 2*d + 24. Is ((-41767)/5 - d/(-35))*-1 a composite number?
False
Let x(p) = 19*p**2 + p - 25. Is x(-5) prime?
False
Suppose 3*d - 6*d = -12. Suppose -891 = -d*t + 905. Is t prime?
True
Suppose 45 = 3*m - 4*n, -3*m + 0*n = -5*n - 45. Suppose -5*y + 3 = -3*z + 7, 3*y = -4*z + m. Let w(r) = 36*r + 1. Is w(z) a prime number?
True
Let v be (-2)/(-4)*(16 - -4). Suppose -27 = -3*c - 2*d - v, -5*c + 23 = 2*d. Suppose 900 - 138 = c*t. Is t prime?
False
Let t = -4 + -2. Let w(n) = 4*n**2 - 36 + 9*n + 87 - 44. Is w(t) a prime number?
True
Suppose 4*g - 16 = -4. Let r = -6 - -11. Suppose -r*n = -g*n - 86. Is n composite?
False
Is (-224)/(-48)*72351/6 prime?
False
Suppose 4*u = 2*v - 8418, -3*v = -5*v - 4*u + 8386. Is v composite?
False
Let x(r) = 2*r**2 - 10*r + 3. Let t be x(15). Let q be 2 + 1 + (t - 1). Let b = q - 46. Is b a composite number?
True
Is (1 + 0)/(32/94688) composite?
True
Suppose 0 = w + g + 116, -358 = -w + 4*w - 2*g. Is ((-54)/(-12) - 5)/(1/w) composite?
False
Let t be (-128)/(-24) + (-1)/3. Suppose t*m - 123 = -x + 39, -5*x + 4*m = -781. Is x prime?
True
Let j be (-6)/15 + 17/5. Let w = 1 + j. Suppose w*q = 2*l - 97 + 443, l + 88 = q. Is q a composite number?
True
Let c(n) = 2*n - 6. Let i be c(-7). Let x = 25 + i. Suppose 4 = 4*l + 24, 3*l + 325 = x*s. Is s a composite number?
True
Let v(s) = 0*s + 329 + 80 - 2*s. Let n be 0/(-7)*(2 - 1). Is v(n) a prime number?
True
Let o(t) = 159*t**2 + 6*t - 26. Is o(-7) a composite number?
False
Let g(m) = -m**3 - 52*m**2 - 67*m - 151. Is g(-57) prime?
True
Suppose 2*z = 3*z - 10. Let k be -25*z/(-1 + -1). Suppose 0 = 3*o - k + 23. Is o a prime number?
False
Let j = 406 + -314. Let r = -4 + 7. Let d = r + j. Is d composite?
True
Suppose -6*d = -191585 - 97489. Is d a composite number?
False
Is 6 - (365/(-1) - (11 + -5)) a prime number?
False
Let z = -18 + 21. Is 111/z*(0 + 1) prime?
True
Let u be -1 - -1 - (-159 + 2). Let x = u + -79. Suppose -v + 101 = -x. Is v prime?
True
Suppose 0 = 3*n - 6, -n = 3*z + n - 10. Let u(v) = 157*v - 9. Is u(z) composite?
True
Suppose 0*b = -2*b + 10. Suppose y - 1079 = -b*p - 0*y, 0 = p + y - 215. Let l = 439 - p. Is l a prime number?
True
Suppose o - 6*o = z - 53, -3*o + 39 = -3*z. Suppose 0 = o*t - 12*t + 31. Is t a prime number?
True
Let y = 10920 - 5914. Is y a composite number?
True
Suppose -9*n - 5007 - 2166 = 0. Let u = n + 1155. Is u prime?
False
Is 6047 + 0 - (-216)/108 a composite number?
True
Suppose 310 = a - 433. Is a composite?
False
Suppose -689 = b - 5*j, -j - 2103 = 3*b + 2*j. Let f = b - -1022. Is f a prime number?
False
Let c(p) = -264*p - 8. Let d be c(-9). Let j = d - 1336. Let z = j + -637. Is z composite?
True
Is ((-8 - 6108) + -10)*3/(-9) a composite number?
True
Suppose 3*g + 4 = 4*i, 0 = -2*i + g + 4 - 0. Suppose 16*u = 17*u - i. Suppose -u - 194 = -2*r + 4*z, 5*r - 5*z = 520. Is r prime?
True
Suppose 9 = 3*f, -f - 3*f = 4*m - 28. Suppose 4*p = -4*o + 836, -7*o + 836 = m*p - 2*o. Is p a composite number?
True
Let r(q) = 11*q + 4. Let t be r(-10). Let h = -36 - t. Let l = h + -35. Is l prime?
False
Suppose 66 = 10*k + 16. Suppose o - i - 4*i - 21 = 0, i - k = 0. Is o prime?
False
Is 2/(-6) - (-16640)/15 a prime number?
True
Suppose -5*o + 16 = -o. Suppose -2*v + 731 = 3*f, o*v + f - 974 = 463. Is v a prime number?
False
Suppose 11*g - 95256 + 1063 = 0. Is g composite?
False
Suppose 0 = -2*i + 1444 + 6646. Is i prime?
False
Let o(b) = 3*b - 6. Let d be o(4). Suppose z = d*z - 5*s + 120, -118 = 5*z - 3*s. Let w = z - -70. Is w a composite number?
False
Let l = 830 + -183. Is l composite?
False
Suppose 13*b - 8*b - 164605 = 0. Is b prime?
False
Suppose -3*y + 2*h = -971, -3*y = h + 208 - 1167. Let t = 454 - y. Suppose 0 = -2*o - 3*p - t + 924, -2*p + 792 = 2*o. Is o a composite number?
False
Suppose -t = n - 3*n + 890, 1337 = 3*n - t. Suppose 5*c - 67 = u, 0 = 5*u + 3*c + 287 - 36. Let p = n + u. Is p a composite number?
True
Let i be (-1)/(((-20)/(-2335))/(-4)). Let u = 10 - 6. Is i*(3 - u/2) composite?
False
Let z(g) = 82*g**2 - 8*g + 15. Let w be z(3). Suppose 8*u - w = 2383. Is u prime?
True
Suppose 0 = -2*k - 6, 4*k = -r - 0*r - 15. Is -1 + r - (-873)/9 composite?
True
Let m(u) = -49*u**3 - 2*u**2 + 7*u - 11. Is m(-7) composite?
False
Let p = 996 - -556. Suppose -9*z = -z - p. Is z composite?
True
Is (2 - 4)*1 - (0 - 5581) prime?
False
Let d be (-5796)/(-16) - 1/4 - 3. Is (12 + 2)*d*3/6 a prime number?
False
Let g(x) = -22*x + 33. Let q be 3*((-75)/9 + 3) - 3. Is g(q) a prime number?
False
Let g(n) = 15*n**2 - n - 7. Let h be g(4). Suppose -3*j = 2*x - h, 4*j + 100 = -4*x + 404. Is j a prime number?
False
Let x(i) = -i**3 + 16*i**2 - 8*i + 5. Let j be x(6). Suppose 10*s + j = 11*s. Is s prime?
True
Let b(z) = -z + 13. Let i be b(5). Is (-5)/(20/i)*-317 a prime number?
False
Let m(h) = -2*h**3 + 9*h**2 - 10*h - 1. Let j be m(7). Is j/(-8)*(6 + 0) a composite number?
True
Let f(l) = -l**2 - 3*l + 6. Let p be f(-5). Let c be (-3)/12 - (-291)/p. Let w = -27 - c. Is w composite?
True
Suppose 65*t = 66*t + 4*n - 1377, -